{"id":27,"date":"2024-01-08T15:07:54","date_gmt":"2024-01-08T14:07:54","guid":{"rendered":"http:\/\/duathlon-hermonville.fr\/?page_id=27"},"modified":"2024-04-21T09:30:24","modified_gmt":"2024-04-21T07:30:24","slug":"reglement","status":"publish","type":"page","link":"https:\/\/duathlon-hermonville.fr\/index.php\/reglement\/","title":{"rendered":"R\u00e8glement"},"content":{"rendered":"\n<p>Le r\u00e8glement des courses avec les d\u00e9tails utiles seront disponibles au 20 Janvier 2024<\/p>\n\n\n\n<p><a>1-LOCALISATION<\/a><\/p>\n\n\n\n<p>Les comp\u00e9titions se d\u00e9rouleront \u00e0 Hermonville :<\/p>\n\n\n\n<p>-Les parcours sont d\u00e9taill\u00e9s au chapitre 8<\/p>\n\n\n\n<p>-Les dossards et puces seront distribu\u00e9s \u00e0 la salle Saint-R\u00e9mi<\/p>\n\n\n\n<p>-L\u2019aire de transition des poussins et pupilles sera install\u00e9e sur le parking de la salle Saint-R\u00e9mi.<\/p>\n\n\n\n<p>-L&rsquo;aire des transitions des courses XS et S sera install\u00e9e sur le parking du groupe scolaire des 2 Coteaux d&rsquo;Hermonville.<\/p>\n\n\n\n<h1 class=\"wp-block-heading\"><a><\/a><a><\/a><a><\/a><a><\/a><a><\/a><a><\/a><a><\/a><a><\/a><a><\/a><a><\/a><a><\/a><a><\/a><a><\/a><a><\/a><a><\/a><a><\/a><a><\/a><a>2-PLANNING<\/a><\/h1>\n\n\n\n<figure class=\"wp-block-table\"><table><tbody><tr><td>&nbsp;<\/td><td>6-9 ans<\/td><td>&nbsp;<\/td><\/tr><tr><td>Retrait dossards<\/td><td colspan=\"2\">Dimanche \u00e0 partir de 10h00<\/td><\/tr><tr><td>Parc<\/td><td colspan=\"2\">parking saint R\u00e9mi<\/td><\/tr><tr><td>Ouverture-Fermeture parc<\/td><td colspan=\"2\">10:30 \u00e0 10:50<\/td><\/tr><tr><td>Briefing<\/td><td>10:50<\/td><td>&nbsp;<\/td><\/tr><tr><td>D\u00e9part<\/td><td><strong>11:00<\/strong><\/td><td>&nbsp;<\/td><\/tr><tr><td>Fin<\/td><td>11:20<\/td><td>&nbsp;<\/td><\/tr><tr><td>R\u00e9cup\u00e9ration v\u00e9lo<\/td><td colspan=\"2\">11:20 \u00e0 11:40<\/td><\/tr><tr><td>Podium<\/td><td colspan=\"2\">12:00<\/td><\/tr><\/tbody><\/table><\/figure>\n\n\n\n<figure class=\"wp-block-table\"><table><tbody><tr><td>&nbsp;<\/td><td>10-13ans<\/td><td>&nbsp;<\/td><\/tr><tr><td>Retrait dossards<\/td><td colspan=\"2\">Dimanche \u00e0 partir de 10h00<\/td><\/tr><tr><td>Parc<\/td><td colspan=\"2\">parking saint R\u00e9mi<\/td><\/tr><tr><td>Ouverture-Fermeture parc<\/td><td colspan=\"2\">11:00 \u00e0 11:15<\/td><\/tr><tr><td>Briefing<\/td><td>11:25<\/td><td>&nbsp;<\/td><\/tr><tr><td>D\u00e9part<\/td><td><strong>11:<\/strong>30<\/td><td>&nbsp;<\/td><\/tr><tr><td>Fin<\/td><td>12&nbsp;:00<\/td><td>&nbsp;<\/td><\/tr><tr><td>R\u00e9cup\u00e9ration v\u00e9lo<\/td><td colspan=\"2\">12:00 \u00e0 12:15<\/td><\/tr><tr><td>Podium<\/td><td colspan=\"2\">12:00<\/td><\/tr><\/tbody><\/table><\/figure>\n\n\n\n<figure class=\"wp-block-table\"><table><tbody><tr><td>&nbsp;<\/td><td>XS (Benjamins et plus)<\/td><td>&nbsp;<\/td><\/tr><tr><td>Retrait dossards<\/td><td colspan=\"2\">Dimanche \u00e0 partir de 10h00<\/td><\/tr><tr><td>Parc<\/td><td colspan=\"2\">parking Ecole des deux coteaux<\/td><\/tr><tr><td>Ouverture-Fermeture parc<\/td><td>12:15 \u00e0 12:45<\/td><td>&nbsp;<\/td><\/tr><tr><td>Briefing<\/td><td>12:50<\/td><td>&nbsp;<\/td><\/tr><tr><td>D\u00e9part<\/td><td><strong>13:00<\/strong><\/td><td><strong>&nbsp;<\/strong><\/td><\/tr><tr><td>Fin<\/td><td>14:00<\/td><td>&nbsp;<\/td><\/tr><tr><td>R\u00e9cup\u00e9ration v\u00e9lo<\/td><td>13:30 \u00e0 14:00<\/td><td>&nbsp;<\/td><\/tr><tr><td>Podium<\/td><td>14:25<\/td><td>&nbsp;<\/td><\/tr><\/tbody><\/table><\/figure>\n\n\n\n<figure class=\"wp-block-table\"><table><tbody><tr><td><a><\/a><a><\/a><a><\/a><a><\/a><a><\/a><a><\/a> &nbsp;<\/td><td>S (Cadets et plus)<\/td><td>&nbsp;<\/td><\/tr><tr><td>Retrait dossards<\/td><td colspan=\"2\">Dimanche \u00e0 partir de 10h00<\/td><\/tr><tr><td>Parc<\/td><td colspan=\"2\">parking saint R\u00e9mi<\/td><\/tr><tr><td>Ouverture-Fermeture parc<\/td><td colspan=\"2\">13:40 \u00e0 14:05<\/td><\/tr><tr><td>Briefing<\/td><td>14:05<\/td><td>&nbsp;<\/td><\/tr><tr><td>D\u00e9part<\/td><td><strong>14:15<\/strong><\/td><td>&nbsp;<\/td><\/tr><tr><td>Fin<\/td><td>15:45<\/td><td>&nbsp;<\/td><\/tr><tr><td>R\u00e9cup\u00e9ration v\u00e9lo<\/td><td colspan=\"2\">15:30 \u00e0 15:50<\/td><\/tr><tr><td>Podium<\/td><td colspan=\"2\">16&nbsp;:00<\/td><\/tr><\/tbody><\/table><\/figure>\n\n\n\n<h1 class=\"wp-block-heading\">&nbsp;<\/h1>\n\n\n\n<h1 class=\"wp-block-heading\"><a><\/a><a><\/a><a><\/a><a><\/a><a><\/a><a><\/a><a><\/a><a><\/a><a><\/a><a><\/a><a><\/a><a>3-COURSES INSCRIPTIONS :<\/a><\/h1>\n\n\n\n<p>Les inscriptions se font su rle lien suivant<a href=\"https:\/\/fr.milesrepublic.com\/event\/duathlon-dhermonville-10478\">: https:\/\/fr.milesrepublic.com\/event\/duathlon-dhermonville-10478<\/a><\/p>\n\n\n\n<p>Les inscriptions seront closes le 25 Avril \u00e0 12:00.<\/p>\n\n\n\n<p>Les inscriptions sur place seront major\u00e9es de 2euros.<\/p>\n\n\n\n<p>Attention il faut disposer d&rsquo;une licence FFTRI <\/p>\n\n\n\n<p>ou bien  d&rsquo;un pass comp\u00e9tition FFTRI \u00e0 obtenir sur le lien <a href=\"https:\/\/espacetri.fftri.com\/pass-competition\/event\/pass-competition\/13457\"> https:\/\/espacetri.fftri.com\/pass-competition\/event\/pass-competition\/13457 <\/a><\/p>\n\n\n\n<p>Il n y a plus besoin d&rsquo;un certificat m\u00e9dical, il suffit de remplir le questionnaire de sant\u00e9.<\/p>\n\n\n\n<p><\/p>\n\n\n\n<figure class=\"wp-block-table\"><table><tbody><tr><td rowspan=\"2\"><strong>Course<\/strong><\/td><td rowspan=\"2\"><strong>Cat\u00e9gorie<\/strong><\/td><td rowspan=\"2\"><strong>Ann\u00e9e de naissance<\/strong><\/td><td colspan=\"2\"><strong>Tarif<\/strong><\/td><\/tr><tr><td><strong>Avant 10\/4<\/strong><\/td><td><strong>&nbsp;Apr\u00e8s10\/4<\/strong><\/td><\/tr><tr><td><strong>6-9 ans<\/strong><\/td><td>Mini Poussins et Poussins<\/td><td>2014-2017<\/td><td>12 \u20ac<\/td><td>&nbsp;15\u20ac<\/td><\/tr><tr><td><strong>10-13 ans<\/strong><\/td><td>Pupilles<\/td><td>2013-2014<\/td><td>12 \u20ac<\/td><td>&nbsp;15\u20ac<\/td><\/tr><tr><td><strong>XS<\/strong><\/td><td>Benjamins et plus<\/td><td>2012 &#8211;<\/td><td>17 \u20ac<\/td><td>&nbsp;20 \u20ac<\/td><\/tr><tr><td><strong>S<\/strong><\/td><td>Cadets et plus<\/td><td>2008 &#8211;<\/td><td>22 \u20ac<\/td><td>&nbsp;25 \u20ac<\/td><\/tr><\/tbody><\/table><\/figure>\n\n\n\n<h1 class=\"wp-block-heading\"><a><\/a><a><\/a><a><\/a><a><\/a><a><\/a><a><\/a><a><\/a><a><\/a><a><\/a><a><\/a><a><\/a><a><\/a><a><\/a><a><\/a><a><\/a><a><\/a><a><\/a><a>4- PODIUMS<\/a><\/h1>\n\n\n\n<p>&#8211; Course 6-9 ans : Mini-poussins H\/F et Poussins H\/F<\/p>\n\n\n\n<p>&#8211; Course 10-13ans : Pupilles H\/F<\/p>\n\n\n\n<p>&#8211; Course XS : Benjamins H\/F, Minimes H\/F<\/p>\n\n\n\n<p>&#8211; Course S: Scratch, Cadets H\/F, Juniors H\/F<\/p>\n\n\n\n<p>&#8211; Challenge entreprise&nbsp;: Scratch par \u00e9quipe avec les 3 premiers<\/p>\n\n\n\n<h1 class=\"wp-block-heading\"><a><\/a><a><\/a><a><\/a><a><\/a><a><\/a><a><\/a><a><\/a><a><\/a><a><\/a><a><\/a><a><\/a><a><\/a><a><\/a><a><\/a><a><\/a><a><\/a><a><\/a><a>5- EXPOS\u00c9 DE <\/a>COURSE :<\/h1>\n\n\n\n<p>Ce duathlon est labellis\u00e9 FFTRI et donc soumis \u00e0 la r\u00e8glementation de cette f\u00e9d\u00e9ration. Tout concurrent, est sens\u00e9 connaitre la r\u00e8glementation, il reste tenu d\u2019assister aux expos\u00e9s de course : celui de l\u2019organisateur sur les points particuliers de l\u2019\u00e9preuve notamment en termes de s\u00e9curit\u00e9, et celui de l\u2019arbitre principal qui rappellera les r\u00e8gles fondamentales avant le d\u00e9but de chaque course.<\/p>\n\n\n\n<p>Les athl\u00e8tes se pr\u00e9senteront \u00e0 l\u2019entr\u00e9e du parc, en tenue (V\u00e9lo, Casque jugulaire attach\u00e9e, Dossard fix\u00e9 sur la ceinture 3points positionn\u00e9e \u00e0 la taille, Chaussures de V\u00e9lo et de Cap) et ce pour favoriser et minimiser le temps de contr\u00f4le par le corps arbitral.<\/p>\n\n\n\n<p>Par mesures d\u2019hygi\u00e8ne aucun sac ou caisse ne seront tol\u00e9r\u00e9s dans la zone de transition.<\/p>\n\n\n\n<h2 class=\"wp-block-heading\"><a><\/a><a><\/a><a><\/a><a><\/a><a><\/a><a><\/a><a><\/a><a><\/a><a><\/a><a><\/a><a><\/a><a><\/a><a><\/a><a><\/a><a><\/a><a><\/a><a><\/a><a>5.1- Puce, bracelets, dossards, <\/a>autocollant :<\/h2>\n\n\n\n<p>Chaque concurrent aura un autocollant \u00e0 coller sur le v\u00e9lo, un bracelet muni d\u2019une puce \u00e0 mettre autour de la cheville et un dossard \u00e0 fixer sur une ceinture 3 points obligatoire. Le dossard devra \u00eatre port\u00e9 devant en course \u00e0 pied et dans le dos \u00e0 v\u00e9lo, et ce tout au long de l\u2019\u00e9preuve, le num\u00e9ro doit \u00eatre visible. Le dossard devra \u00eatre pr\u00e9sent et visible au passage de la ligne d\u2019arriv\u00e9e. Dans le cas contraire l\u2019athl\u00e8te sera disqualifi\u00e9. <strong>Le bracelet doit \u00eatre remis \u00e0 l&rsquo;arriv\u00e9e.<\/strong><\/p>\n\n\n\n<h2 class=\"wp-block-heading\"><a><\/a><a><\/a><a><\/a><a><\/a><a><\/a><a><\/a><a><\/a><a><\/a><a><\/a><a><\/a><a><\/a><a><\/a><a><\/a><a><\/a><a><\/a><a><\/a><a><\/a><a>5.2- <\/a>\u00c9chauffement :<\/h2>\n\n\n\n<p>Les concurrents ne pourront pas s\u2019\u00e9chauffer sur le parcours v\u00e9lo pendant le d\u00e9roulement d\u2019une autre course sous peine d\u2019\u00eatre disqualifi\u00e9s sans pouvoir prendre le d\u00e9part de leur propre course.<a><\/a><a><\/a><a><\/a><\/p>\n\n\n\n<h2 class=\"wp-block-heading\"><a><\/a><a><\/a><a><\/a><a><\/a><a><\/a><a><\/a><a><\/a><a><\/a><a><\/a><a><\/a><a><\/a><a><\/a><a><\/a><a><\/a><a>5.3- <\/a>Circulation :<\/h2>\n\n\n\n<p><strong>V\u00e9lo :<\/strong> les routes seront ferm\u00e9es \u00e0 la circulation sur 90% du parcours. Cependant des points d\u2019attention et de vigilance seront \u00e9voqu\u00e9s lors de l\u2019expos\u00e9 de course.<\/p>\n\n\n\n<p><strong>Course \u00e0 pied :<\/strong> les routes et les chemins dans les vignes seront ferm\u00e9es \u00e0 la circulation. Couper un parcours vaudra disqualification.<\/p>\n\n\n\n<h2 class=\"wp-block-heading\"><a><\/a><a><\/a><a><\/a><a><\/a><a><\/a><a><\/a><a><\/a><a><\/a><a><\/a><a><\/a><a><\/a><a><\/a><a><\/a><a><\/a><a><\/a><a><\/a><a><\/a><a>5.4- Aire de transition :<\/a><\/h2>\n\n\n\n<p>Pour entrer et sortir de l\u2019aire de transition avec son v\u00e9lo, le concurrent devra montrer son dossard.<\/p>\n\n\n\n<p>Aucun \u00e9quipement et aucun v\u00eatement, autre que ceux n\u00e9cessaires \u00e0 la comp\u00e9tition ne seront admis.<\/p>\n\n\n\n<p>Les sacs et les caisses sont interdits.<\/p>\n\n\n\n<p>Les v\u00e9los devront \u00eatre plac\u00e9s avec la roue dans les supports pr\u00e9vus \u00e0 cet effet. Le respect des all\u00e9es est obligatoire.<\/p>\n\n\n\n<p>Le mat\u00e9riel de course sera correctement rang\u00e9 \u00e0 chaque transition \u00e0 la place attribu\u00e9e et comme indiqu\u00e9 par l\u2019organisation.<\/p>\n\n\n\n<p>Aucune personne autre que les concurrents, l\u2019organisation et l\u2019arbitrage ne sera admis dans l\u2019aire avant, pendant ou apr\u00e8s les courses sous peine de disqualification du concurrent.<\/p>\n\n\n\n<p>Tout passage au-dessus des barri\u00e8res entra\u00eenera la disqualification du concurrent<\/p>\n\n\n\n<h2 class=\"wp-block-heading\"><a><\/a><a><\/a><a><\/a><a><\/a><a><\/a><a><\/a><a><\/a><a><\/a><a><\/a><a><\/a><a><\/a><a><\/a><a><\/a><a><\/a><a><\/a><a><\/a><a><\/a><a>5.5- Aspiration (drafting)<\/a><\/h2>\n\n\n\n<p>Le drafting est interdit. Les distances \u00e0 respecter sont : 7m avec un v\u00e9lo, 15m avec une moto et 35m avec voiture. Consulter la r\u00e9glementation FFTRI pour plus de d\u00e9tails sur les distances \u00e0 respecter.<\/p>\n\n\n\n<h2 class=\"wp-block-heading\"><a>&nbsp;5.6- P\u00e9nalit\u00e9s<\/a><\/h2>\n\n\n\n<p>Si un concurrent a re\u00e7u une p\u00e9nalit\u00e9 au long de la course, une minute sera ajout\u00e9e au temps total lors de son arriv\u00e9e.<\/p>\n\n\n\n<h1 class=\"wp-block-heading\"><a><\/a><a><\/a><a><\/a><a><\/a><a><\/a><a><\/a><a><\/a><a><\/a><a><\/a><a><\/a><a><\/a><a><\/a><a><\/a><a><\/a><a><\/a><a><\/a><a><\/a><a>6- R\u00c8GLEMENT :<\/a><\/h1>\n\n\n\n<p>Le contr\u00f4le du respect de la r\u00e9glementation est du ressort des arbitres FFTRI, ind\u00e9pendants de l\u2019organisation.<\/p>\n\n\n\n<p>Le r\u00e8glement de la FFTRI s\u2019applique, avec en particulier, pendant le v\u00e9lo, le port du casque homologu\u00e9, jugulaire attach\u00e9e.<\/p>\n\n\n\n<p>Le licenci\u00e9 FFTRI devra joindre sa licence et le non licenci\u00e9 un certificat m\u00e9dical et le Pass-Journ\u00e9e lors de l\u2019inscription sur le site internet, pour permettre une validation compl\u00e8te des inscriptions au plus tard le mercredi soir pr\u00e9c\u00e9dent la course.<\/p>\n\n\n\n<p>En cas d\u2019impossibilit\u00e9 de participer, les frais d\u2019engagement, en dehors du co\u00fbt Internet, seront rembours\u00e9s sur pr\u00e9sentation d\u2019un certificat m\u00e9dical.<\/p>\n\n\n\n<p>L\u2019organisateur est propri\u00e9taire des droits d\u2019exploitation de l\u2019image de cette manifestation (Art.18-1de la loi n\u00b084-610 du16\/07\/1984).<\/p>\n\n\n\n<h1 class=\"wp-block-heading\"><a><\/a><a><\/a><a><\/a><a><\/a><a><\/a><a><\/a><a><\/a><a><\/a><a><\/a><a><\/a><a><\/a><a><\/a><a><\/a><a><\/a><a><\/a><a><\/a><a><\/a><a>8-PARCOURS :<\/a><\/h1>\n\n\n\n<h2 class=\"wp-block-heading\"><a><\/a><a><\/a><a><\/a><a><\/a><a><\/a><a><\/a><a><\/a><a><\/a><a><\/a><a><\/a><a><\/a><a><\/a><a><\/a><a><\/a><a><\/a><a><\/a><a>8.1 &#8211; D\u00e9tails des \u00e9preuves<\/a><\/h2>\n\n\n\n<figure class=\"wp-block-table\"><table><tbody><tr><td><a><strong>course<\/strong><\/a><\/td><td><a><strong>1er CAP<\/strong><\/a><\/td><td><a><strong>V\u00e9lo<\/strong><\/a><\/td><td><a><strong>2em CAP<\/strong><\/a><\/td><\/tr><tr><td><a><strong>6-9 ans<\/strong><\/a><\/td><td>520M<\/td><td>1520M<\/td><td>520M<\/td><\/tr><tr><td><a><strong>10-13ans<\/strong><\/a><\/td><td>1040M<\/td><td>4560M<\/td><td>520M<\/td><\/tr><tr><td><a><strong>XS<\/strong><\/a><\/td><td>2540M<\/td><td>9920M<\/td><td>1510M<\/td><\/tr><tr><td><a><strong>S<\/strong><\/a><\/td><td>5080M<\/td><td>18350M<\/td><td>2540M<\/td><\/tr><\/tbody><\/table><\/figure>\n\n\n\n<h2 class=\"wp-block-heading\"><a><\/a><a>8.2 &#8211; Course 6-9ans&nbsp;:<\/a><\/h2>\n\n\n\n<p>CAP-1&nbsp;: boucle <strong>https:\/\/www.openrunner.com\/route-details\/18102533<\/strong><\/p>\n\n\n\n<p><a>Course v\u00e9lo&nbsp;:  boucle  <\/a><a href=\"https:\/\/www.openrunner.com\/route-details\/16086492\">https:\/\/www.openrunner.com\/route-details\/16086492<\/a><\/p>\n\n\n\n<p>CAP-2&nbsp;: boucle <strong>https:\/\/www.openrunner.com\/route-details\/18102533<\/strong><\/p>\n\n\n\n<h2 class=\"wp-block-heading\"><a>8.3 Course 10-13ans<\/a><\/h2>\n\n\n\n<p>CAP-1&nbsp;: 2 fois la boucle <a href=\"https:\/\/www.openrunner.com\/route-details\/18102533\"><strong>https:\/\/www.openrunner.com\/route-details\/18102533<\/strong><\/a><\/p>\n\n\n\n<p><a>Course v\u00e9lo&nbsp;: 3 fois la boucle&nbsp;: <\/a><a href=\"https:\/\/www.openrunner.com\/route-details\/16086492\">https:\/\/www.openrunner.com\/route-details\/16086492<\/a><\/p>\n\n\n\n<p><a>CAP-2 : boucle <\/a><strong><a href=\"https:\/\/www.openrunner.com\/route-details\/18102533\">https:\/\/www.openrunner.com\/route-details\/18102533<\/a><\/strong><\/p>\n\n\n\n<h3 class=\"wp-block-heading\">&nbsp;<\/h3>\n\n\n\n<h2 class=\"wp-block-heading\"><a><\/a><a>8.4 Course XS<\/a><\/h2>\n\n\n\n<p>CAP-1&nbsp;:&nbsp; boucle <a href=\"https:\/\/www.openrunner.com\/route-details\/16086414\"> https:\/\/www.openrunner.com\/route-details\/16086414<\/a><\/p>\n\n\n\n<p>Course \u00e0 v\u00e9lo&nbsp;: 4 fois&nbsp;la boucle<strong> https:\/\/www.openrunner.com\/route-details\/16453182<\/strong><\/p>\n\n\n\n<p><a>CAP-2&nbsp;<\/a>: boucle  https:\/\/www.openrunner.com\/route-details\/16086614<\/p>\n\n\n\n<h2 class=\"wp-block-heading\"><a><\/a><a><\/a><a><\/a><a><\/a><a><\/a><a><\/a><a><\/a><a><\/a><a><\/a><a><\/a><a><\/a><a><\/a><a><\/a><a><\/a><a>&nbsp;<\/a><\/h2>\n\n\n\n<h2 class=\"wp-block-heading\"><a><\/a><a>8.4 Course S<\/a><\/h2>\n\n\n\n<p>CAP-1 : 2 fois la boucle <a href=\"https:\/\/www.openrunner.com\/route-details\/16086414\"> https:\/\/www.openrunner.com\/route-details\/16086414<\/a><\/p>\n\n\n\n<p>Course \u00e0 v\u00e9lo&nbsp;: 3 fois la boucle <a href=\"https:\/\/www.openrunner.com\/route-details\/18795296\"> https:\/\/www.openrunner.com\/route-details\/18795296<\/a><\/p>\n\n\n\n<p>CAP-2&nbsp;: boucle <a href=\"https:\/\/www.openrunner.com\/route-details\/16086414\">https:\/\/www.openrunner.com\/route-details\/16086414<\/a><\/p>\n\n\n\n<h1 class=\"wp-block-heading\"><a><\/a><a><\/a><a><\/a><a><\/a><a><\/a><a><\/a><a><\/a><a>9- S\u00e9curit\u00e9 et protection des participants<\/a><\/h1>\n\n\n\n<p>Durant tout le d\u00e9roulement de toutes les \u00e9preuves, une \u00e9quipe de la F\u00e9d\u00e9ration des Secouristes Fran\u00e7ais Croix Blanche assurera la protection des athl\u00e8tes sur les parcours du duathlon d&rsquo;Hermonville.<\/p>\n\n\n\n<p>Cette \u00e9quipe sera pr\u00e9sente avec un au moins camion de secours et trois secouristes de la Croix Blanche..<\/p>\n","protected":false},"excerpt":{"rendered":"<p>Le r\u00e8glement des courses avec les d\u00e9tails utiles seront disponibles au 20 Janvier 2024 1-LOCALISATION Les comp\u00e9titions se d\u00e9rouleront \u00e0 Hermonville : -Les parcours sont d\u00e9taill\u00e9s au chapitre 8 -Les dossards et puces seront distribu\u00e9s \u00e0 la salle Saint-R\u00e9mi -L\u2019aire de transition des poussins et pupilles sera install\u00e9e sur le parking de la salle Saint-R\u00e9mi. &hellip; <\/p>\n<p class=\"link-more\"><a href=\"https:\/\/duathlon-hermonville.fr\/index.php\/reglement\/\" class=\"more-link\">Continuer la lecture<span class=\"screen-reader-text\"> de &laquo;&nbsp;R\u00e8glement&nbsp;&raquo;<\/span><\/a><\/p>\n","protected":false},"author":1,"featured_media":0,"parent":0,"menu_order":0,"comment_status":"closed","ping_status":"closed","template":"","meta":{"footnotes":""},"class_list":["post-27","page","type-page","status-publish","hentry"],"_links":{"self":[{"href":"https:\/\/duathlon-hermonville.fr\/index.php\/wp-json\/wp\/v2\/pages\/27","targetHints":{"allow":["GET"]}}],"collection":[{"href":"https:\/\/duathlon-hermonville.fr\/index.php\/wp-json\/wp\/v2\/pages"}],"about":[{"href":"https:\/\/duathlon-hermonville.fr\/index.php\/wp-json\/wp\/v2\/types\/page"}],"author":[{"embeddable":true,"href":"https:\/\/duathlon-hermonville.fr\/index.php\/wp-json\/wp\/v2\/users\/1"}],"replies":[{"embeddable":true,"href":"https:\/\/duathlon-hermonville.fr\/index.php\/wp-json\/wp\/v2\/comments?post=27"}],"version-history":[{"count":9,"href":"https:\/\/duathlon-hermonville.fr\/index.php\/wp-json\/wp\/v2\/pages\/27\/revisions"}],"predecessor-version":[{"id":174,"href":"https:\/\/duathlon-hermonville.fr\/index.php\/wp-json\/wp\/v2\/pages\/27\/revisions\/174"}],"wp:attachment":[{"href":"https:\/\/duathlon-hermonville.fr\/index.php\/wp-json\/wp\/v2\/media?parent=27"}],"curies":[{"name":"wp","href":"https:\/\/api.w.org\/{rel}","templated":true}]}}